{"id":11,"date":"2020-08-10T14:57:07","date_gmt":"2020-08-10T14:57:07","guid":{"rendered":"http:\/\/toftlund-udviklingsraad.dk\/?page_id=11"},"modified":"2021-01-21T14:32:15","modified_gmt":"2021-01-21T13:32:15","slug":"start","status":"publish","type":"page","link":"https:\/\/toftlund-udviklingsraad.dk\/","title":{"rendered":"Kort om Toftlund udviklingsr\u00e5d"},"content":{"rendered":"\n<div class=\"wp-block-columns\">\n<div class=\"wp-block-column\">\n<p>T\u00f8nder Kommune har igangsat en proces med udarbejdelsen af en udviklingsplan for Toftlund. Udviklingsplanen er en strategisk plan, der skal danne grundlag for en langsigtet positiv udvikling, der peger 10 \u00e5r frem i tiden, og som udm\u00f8nter sig i konkrete udviklingsprojekter.<br>Udviklingsplanen skal sikre samt skabe en f\u00e6lles, forpligtende vision for udviklingen af Toftlund \u2013 en plan, der er med til at skabe en endnu bedre by at leve, opleve og bos\u00e6tte sig i.<\/p>\n\n\n\n<p>Udviklingsplanen, har ikke kun fokus p\u00e5 en fysisk omdannelse, det er en helhedsorienteret tilgang til byudvikling, hvor sociale, sundhedsm\u00e6ssige, kulturelle indsatser m.m. spiller en lige s\u00e5 stor rolle.<\/p>\n<\/div>\n\n\n\n<div class=\"wp-block-column\">\n<p>I forbindelse med denne process er Toftlund udviklingsr\u00e5d blevet dannet med repr\u00e6sentanter fra:<\/p>\n\n\n\n<ul><li>Foreninger (1 repr\u00e6sentant)<\/li><li>Seniorer (1 repr\u00e6sentant)<\/li><li>Kirke &amp; Kultur (1 repr\u00e6sentant)<\/li><li>Institutioner (1 repr\u00e6sentant)<\/li><li>Handel &amp; Erhverv  (1 repr\u00e6sentant)<\/li><li>Borgere (4 repr\u00e6sentanter)<\/li><\/ul>\n\n\n\n<p><a rel=\"noreferrer noopener\" href=\"https:\/\/toender.dk\/sites\/default\/files\/borger\/udviklingsplan_toftlund_2020.pdf\" target=\"_blank\">Link til udviklingsplanen<\/a><\/p>\n\n\n\n<div class=\"wp-block-file\"><a href=\"https:\/\/toftlund-udviklingsraad.dk\/wp-content\/uploads\/2020\/10\/Vedt\u00e6gter-Udviklingsr\u00e5d..pdf\">Vedt\u00e6gter-Udviklingsr\u00e5d.<\/a><a href=\"https:\/\/toftlund-udviklingsraad.dk\/wp-content\/uploads\/2020\/10\/Vedt\u00e6gter-Udviklingsr\u00e5d..pdf\" class=\"wp-block-file__button\" download>Download<\/a><\/div>\n<\/div>\n<\/div>\n\n\n\n<p><\/p>\n","protected":false},"excerpt":{"rendered":"<p>T\u00f8nder Kommune har igangsat en proces med udarbejdelsen af en udviklingsplan for Toftlund. Udviklingsplanen er en strategisk plan, der skal danne grundlag for en langsigtet positiv udvikling, der peger 10 \u00e5r frem i tiden, og som udm\u00f8nter sig i konkrete udviklingsprojekter.Udviklingsplanen skal sikre samt skabe en f\u00e6lles, forpligtende vision for udviklingen af Toftlund \u2013 en &hellip; <\/p>\n<p class=\"link-more\"><a href=\"https:\/\/toftlund-udviklingsraad.dk\/\" class=\"more-link\">Continue reading<span class=\"screen-reader-text\"> &#8220;Kort om Toftlund udviklingsr\u00e5d&#8221;<\/span><\/a><\/p>\n","protected":false},"author":1,"featured_media":0,"parent":0,"menu_order":0,"comment_status":"closed","ping_status":"closed","template":"","meta":[],"_links":{"self":[{"href":"https:\/\/toftlund-udviklingsraad.dk\/index.php?rest_route=\/wp\/v2\/pages\/11"}],"collection":[{"href":"https:\/\/toftlund-udviklingsraad.dk\/index.php?rest_route=\/wp\/v2\/pages"}],"about":[{"href":"https:\/\/toftlund-udviklingsraad.dk\/index.php?rest_route=\/wp\/v2\/types\/page"}],"author":[{"embeddable":true,"href":"https:\/\/toftlund-udviklingsraad.dk\/index.php?rest_route=\/wp\/v2\/users\/1"}],"replies":[{"embeddable":true,"href":"https:\/\/toftlund-udviklingsraad.dk\/index.php?rest_route=%2Fwp%2Fv2%2Fcomments&post=11"}],"version-history":[{"count":16,"href":"https:\/\/toftlund-udviklingsraad.dk\/index.php?rest_route=\/wp\/v2\/pages\/11\/revisions"}],"predecessor-version":[{"id":45,"href":"https:\/\/toftlund-udviklingsraad.dk\/index.php?rest_route=\/wp\/v2\/pages\/11\/revisions\/45"}],"wp:attachment":[{"href":"https:\/\/toftlund-udviklingsraad.dk\/index.php?rest_route=%2Fwp%2Fv2%2Fmedia&parent=11"}],"curies":[{"name":"wp","href":"https:\/\/api.w.org\/{rel}","templated":true}]}}